{"id":143,"date":"2018-09-09T00:30:39","date_gmt":"2018-09-09T03:30:39","guid":{"rendered":"http:\/\/laragricola.com.br\/?page_id=143"},"modified":"2025-03-22T14:08:00","modified_gmt":"2025-03-22T17:08:00","slug":"apadrinhamento-financeiro","status":"publish","type":"page","link":"https:\/\/laragricola.com.br\/index.php\/apadrinhamento-financeiro\/","title":{"rendered":"Apadrinhamento financeiro"},"content":{"rendered":"\n<p><strong>Apadrinhamento Financeiro: Juntos, Podemos Transformar Vidas<\/strong><\/p>\n\n\n\n<p>O Lar Agr\u00edcola \u00e9 um espa\u00e7o dedicado ao cuidado, acolhimento e desenvolvimento de crian\u00e7as e adolescentes em situa\u00e7\u00e3o de vulnerabilidade social. Para garantir que cada um de nossos jovens tenha acesso a uma educa\u00e7\u00e3o de qualidade, cuidados adequados e o suporte necess\u00e1rio para um futuro melhor, contamos com sua ajuda.<\/p>\n\n\n\n<p>O <strong>apadrinhamento financeiro<\/strong> \u00e9 uma forma simples e eficaz de fazer a diferen\u00e7a na vida dos nossos pequenos. Com um valor mensal, voc\u00ea pode contribuir diretamente para as necessidades di\u00e1rias da institui\u00e7\u00e3o, como alimenta\u00e7\u00e3o, sa\u00fade, materiais escolares e atividades educativas.<\/p>\n\n\n\n<p>Ao se tornar padrinho ou madrinha, voc\u00ea estar\u00e1 ajudando a criar um ambiente mais seguro e acolhedor para nossos jovens, al\u00e9m de ser uma parte fundamental em sua trajet\u00f3ria de crescimento e aprendizagem.<\/p>\n\n\n\n<p><strong>Como funciona?<\/strong><\/p>\n\n\n\n<ol>\n<li>Fa\u00e7a sua contribui\u00e7\u00e3o mensal no valor que desejar.<\/li>\n\n\n\n<li>Acompanhe o impacto de sua doa\u00e7\u00e3o por meio de atualiza\u00e7\u00f5es peri\u00f3dicas.<\/li>\n\n\n\n<li>Saiba que sua ajuda far\u00e1 a diferen\u00e7a na vida de quem mais precisa.<\/li>\n<\/ol>\n\n\n\n<p>A sua generosidade \u00e9 essencial para que possamos continuar a oferecer uma promessa de futuro para as crian\u00e7as e adolescentes do Lar Agr\u00edcola. Junte-se a n\u00f3s nessa miss\u00e3o e seja o apoio que eles precisam para alcan\u00e7ar seus sonhos!<\/p>\n\n\n\n<p><strong>Juntos, somos mais fortes!<\/strong><\/p>\n","protected":false},"excerpt":{"rendered":"<p>Apadrinhamento Financeiro: Juntos, Podemos Transformar Vidas O Lar Agr\u00edcola \u00e9 um espa\u00e7o [&hellip;]<\/p>\n","protected":false},"author":1,"featured_media":0,"parent":0,"menu_order":0,"comment_status":"closed","ping_status":"closed","template":"","meta":{"footnotes":""},"_links":{"self":[{"href":"https:\/\/laragricola.com.br\/index.php\/wp-json\/wp\/v2\/pages\/143"}],"collection":[{"href":"https:\/\/laragricola.com.br\/index.php\/wp-json\/wp\/v2\/pages"}],"about":[{"href":"https:\/\/laragricola.com.br\/index.php\/wp-json\/wp\/v2\/types\/page"}],"author":[{"embeddable":true,"href":"https:\/\/laragricola.com.br\/index.php\/wp-json\/wp\/v2\/users\/1"}],"replies":[{"embeddable":true,"href":"https:\/\/laragricola.com.br\/index.php\/wp-json\/wp\/v2\/comments?post=143"}],"version-history":[{"count":3,"href":"https:\/\/laragricola.com.br\/index.php\/wp-json\/wp\/v2\/pages\/143\/revisions"}],"predecessor-version":[{"id":983,"href":"https:\/\/laragricola.com.br\/index.php\/wp-json\/wp\/v2\/pages\/143\/revisions\/983"}],"wp:attachment":[{"href":"https:\/\/laragricola.com.br\/index.php\/wp-json\/wp\/v2\/media?parent=143"}],"curies":[{"name":"wp","href":"https:\/\/api.w.org\/{rel}","templated":true}]}}

<p><strong>Apadrinhamento Financeiro: Juntos, Podemos Transformar Vidas</strong></p>



<p>O Lar Agrícola é um espaço dedicado ao cuidado, acolhimento e desenvolvimento de crianças e adolescentes em situação de vulnerabilidade social. Para garantir que cada um de nossos jovens tenha acesso a uma educação de qualidade, cuidados adequados e o suporte necessário para um futuro melhor, contamos com sua ajuda.</p>



<p>O <strong>apadrinhamento financeiro</strong> é uma forma simples e eficaz de fazer a diferença na vida dos nossos pequenos. Com um valor mensal, você pode contribuir diretamente para as necessidades diárias da instituição, como alimentação, saúde, materiais escolares e atividades educativas.</p>



<p>Ao se tornar padrinho ou madrinha, você estará ajudando a criar um ambiente mais seguro e acolhedor para nossos jovens, além de ser uma parte fundamental em sua trajetória de crescimento e aprendizagem.</p>



<p><strong>Como funciona?</strong></p>



<ol>
<li>Faça sua contribuição mensal no valor que desejar.</li>



<li>Acompanhe o impacto de sua doação por meio de atualizações periódicas.</li>



<li>Saiba que sua ajuda fará a diferença na vida de quem mais precisa.</li>
</ol>



<p>A sua generosidade é essencial para que possamos continuar a oferecer uma promessa de futuro para as crianças e adolescentes do Lar Agrícola. Junte-se a nós nessa missão e seja o apoio que eles precisam para alcançar seus sonhos!</p>



<p><strong>Juntos, somos mais fortes!</strong></p>

<p>Apadrinhamento Financeiro: Juntos, Podemos Transformar Vidas O Lar Agrícola é um espaço [&hellip;]</p>
