{"id":67,"date":"2018-09-08T23:47:39","date_gmt":"2018-09-09T02:47:39","guid":{"rendered":"http:\/\/laragricola.com.br\/?page_id=67"},"modified":"2024-09-10T11:17:06","modified_gmt":"2024-09-10T14:17:06","slug":"atas","status":"publish","type":"page","link":"https:\/\/laragricola.com.br\/index.php\/transparencia\/atas\/","title":{"rendered":"Atas"},"content":{"rendered":"\n<ul>\n<li><a href=\"http:\/\/laragricola.com.br\/wp-content\/uploads\/2020\/10\/Ata-de-elei\u00e7\u00e3o-2020.pdf\" target=\"_blank\" rel=\"noreferrer noopener\">Ata de Elei\u00e7\u00e3o Bi\u00eanio &#8211; 2020\/2022<\/a><\/li>\n\n\n\n<li><a href=\"http:\/\/laragricola.com.br\/wp-content\/uploads\/2020\/10\/Ata-de-elei\u00e7\u00e3o-2022.pdf\">Ata de Elei\u00e7\u00e3o Bi\u00eanio &#8211; 2022\/2024<\/a><\/li>\n\n\n\n<li><a href=\"http:\/\/laragricola.com.br\/wp-content\/uploads\/2020\/10\/Ata-de-elei\u00e7\u00e3o-2024.pdf\" target=\"_blank\" rel=\"noreferrer noopener\">Ata de Elei\u00e7\u00e3o Bi\u00eanio &#8211; 2024\/2026<\/a><\/li>\n<\/ul>\n\n\n\n<p>Clique nos links para acessar e baixar as atas.<\/p>\n","protected":false},"excerpt":{"rendered":"<p>Clique nos links para acessar e baixar as atas.<\/p>\n","protected":false},"author":1,"featured_media":0,"parent":100,"menu_order":0,"comment_status":"closed","ping_status":"closed","template":"","meta":{"footnotes":""},"_links":{"self":[{"href":"https:\/\/laragricola.com.br\/index.php\/wp-json\/wp\/v2\/pages\/67"}],"collection":[{"href":"https:\/\/laragricola.com.br\/index.php\/wp-json\/wp\/v2\/pages"}],"about":[{"href":"https:\/\/laragricola.com.br\/index.php\/wp-json\/wp\/v2\/types\/page"}],"author":[{"embeddable":true,"href":"https:\/\/laragricola.com.br\/index.php\/wp-json\/wp\/v2\/users\/1"}],"replies":[{"embeddable":true,"href":"https:\/\/laragricola.com.br\/index.php\/wp-json\/wp\/v2\/comments?post=67"}],"version-history":[{"count":5,"href":"https:\/\/laragricola.com.br\/index.php\/wp-json\/wp\/v2\/pages\/67\/revisions"}],"predecessor-version":[{"id":960,"href":"https:\/\/laragricola.com.br\/index.php\/wp-json\/wp\/v2\/pages\/67\/revisions\/960"}],"up":[{"embeddable":true,"href":"https:\/\/laragricola.com.br\/index.php\/wp-json\/wp\/v2\/pages\/100"}],"wp:attachment":[{"href":"https:\/\/laragricola.com.br\/index.php\/wp-json\/wp\/v2\/media?parent=67"}],"curies":[{"name":"wp","href":"https:\/\/api.w.org\/{rel}","templated":true}]}}

<ul>
<li><a href="http://laragricola.com.br/wp-content/uploads/2020/10/Ata-de-eleição-2020.pdf" target="_blank" rel="noreferrer noopener">Ata de Eleição Biênio &#8211; 2020/2022</a></li>



<li><a href="http://laragricola.com.br/wp-content/uploads/2020/10/Ata-de-eleição-2022.pdf">Ata de Eleição Biênio &#8211; 2022/2024</a></li>



<li><a href="http://laragricola.com.br/wp-content/uploads/2020/10/Ata-de-eleição-2024.pdf" target="_blank" rel="noreferrer noopener">Ata de Eleição Biênio &#8211; 2024/2026</a></li>
</ul>



<p>Clique nos links para acessar e baixar as atas.</p>
