{"id":76,"date":"2018-09-08T23:19:04","date_gmt":"2018-09-09T02:19:04","guid":{"rendered":"http:\/\/laragricola.com.br\/?page_id=76"},"modified":"2025-03-22T14:52:20","modified_gmt":"2025-03-22T17:52:20","slug":"quem-somos","status":"publish","type":"page","link":"https:\/\/laragricola.com.br\/index.php\/institucional\/quem-somos\/","title":{"rendered":"Quem somos"},"content":{"rendered":"<p class=\"separator\" style=\"margin: 0cm; margin-bottom: .0001pt; text-align: justify;\"><span style=\"font-size: 10.0pt; font-family: 'Verdana',sans-serif; color: black;\"><span class=\"relative -mx-px my-[-0.2rem] rounded px-px py-[0.2rem]\">O <\/span><\/span><b><span style=\"font-size: 10.0pt; font-family: 'Verdana',sans-serif; color: black;\"><span class=\"relative -mx-px my-[-0.2rem] rounded px-px py-[0.2rem]\"><strong data-start=\"2\" data-end=\"28\">Lar Agr\u00edcola A Semente <\/strong><\/span><\/span><\/b><span style=\"font-size: 10.0pt; font-family: 'Verdana',sans-serif; color: black;\"><span class=\"relative -mx-px my-[-0.2rem] rounded px-px py-[0.2rem]\">\u00e9 uma organiza\u00e7\u00e3o sem fins lucrativos fundada em 12 de abril de 1980 pelo Pastor Jos\u00e9 Ximenes, assistente social do f\u00f3rum de Cotia.<\/span><\/span><span style=\"font-size: 10.0pt; font-family: 'Verdana',sans-serif; color: black;\"> <span class=\"relative -mx-px my-[-0.2rem] rounded px-px py-[0.2rem]\">Preocupado com a situa\u00e7\u00e3o de crian\u00e7as abandonadas na regi\u00e3o, ele reuniu um grupo de amigos com o objetivo de amparar e acolher crian\u00e7as e adolescentes em situa\u00e7\u00e3o de risco social, semeando valores de humanidade e dignidade, despertando a consci\u00eancia para cidadania e valoriza\u00e7\u00e3o da vida.<\/span><\/span><\/p>\n<p class=\"separator\" style=\"margin: 0cm; margin-bottom: .0001pt; text-align: justify;\"><span style=\"font-size: 10.0pt; font-family: 'Verdana',sans-serif; color: black;\">O<\/span><b><span style=\"font-size: 10.0pt; font-family: 'Verdana',sans-serif; color: black;\"> LAR AGR\u00cdCOLA<\/span><\/b><span style=\"font-size: 10.0pt; font-family: 'Verdana',sans-serif; color: black;\"> \u00e9 uma organiza\u00e7\u00e3o sem fins lucrativos, que acolhe crian\u00e7as e adolescentes de 0 a 18 anos incompletos, abandonadas, \u00f3rf\u00e3os, em situa\u00e7\u00f5es de risco social ou familiar da Comarca de Cotia.<\/span><\/p>\n<h6 class=\"separator\" style=\"margin: 0cm; margin-bottom: .0001pt; orphans: auto; text-align: start; widows: auto; -webkit-text-stroke-width: 0px; word-spacing: 0px;\"><span style=\"font-size: 10.0pt; color: black;\">\u00a0<\/span><\/h6>\n<h6 class=\"separator\" style=\"margin: 0cm; margin-bottom: .0001pt; orphans: auto; text-align: start; widows: auto; -webkit-text-stroke-width: 0px; word-spacing: 0px;\"><b><span style=\"font-size: 10.0pt; font-family: 'Verdana',sans-serif; color: black;\">DADOS DA INSTITUI\u00c7\u00c3O<\/span><\/b><b><\/b><\/h6>\n<h6 class=\"separator\" style=\"margin: 0cm; margin-bottom: .0001pt; orphans: auto; text-align: start; widows: auto; -webkit-text-stroke-width: 0px; word-spacing: 0px;\"><b><span style=\"font-size: 10.0pt; font-family: 'Verdana',sans-serif; color: black;\">Nome fantasia: Lar Agr\u00edcola<\/span><\/b><b><\/b><\/h6>\n<h6 class=\"separator\" style=\"margin: 0cm; margin-bottom: .0001pt; orphans: auto; text-align: start; widows: auto; -webkit-text-stroke-width: 0px; word-spacing: 0px;\"><span style=\"font-size: 10.0pt; font-family: 'Verdana',sans-serif; color: black;\">Raz\u00e3o Social: <strong>Lar Escola Agr\u00edcola A Semente<\/strong><\/span><\/h6>\n<h6 class=\"separator\" style=\"margin: 0cm; margin-bottom: .0001pt; orphans: auto; text-align: start; widows: auto; -webkit-text-stroke-width: 0px; word-spacing: 0px;\"><span style=\"font-size: 10.0pt; font-family: 'Verdana',sans-serif; color: black;\">CNJP: 50.521.475\/0001-00<\/span><\/h6>\n<h6 class=\"separator\" style=\"margin: 0cm; margin-bottom: .0001pt; orphans: auto; text-align: start; widows: auto; -webkit-text-stroke-width: 0px; word-spacing: 0px;\"><span style=\"font-size: 10.0pt; font-family: 'Verdana',sans-serif; color: black;\">Endere\u00e7o: \u00a0Estrada do Una, 164, Aguassa\u00ed, Cotia, SP, CEP 06726-295<\/span><\/h6>\n<h6 class=\"separator\" style=\"margin: 0cm; margin-bottom: .0001pt; orphans: auto; text-align: start; widows: auto; -webkit-text-stroke-width: 0px; word-spacing: 0px;\"><span style=\"font-size: 10.0pt; font-family: 'Verdana',sans-serif; color: black;\">Celular WhatsApp: (11) 91268-5207<\/span><\/h6>\n<h6 class=\"separator\" style=\"margin: 0cm; margin-bottom: .0001pt; orphans: auto; text-align: start; widows: auto; -webkit-text-stroke-width: 0px; word-spacing: 0px;\"><span style=\"font-size: 10.0pt; font-family: 'Verdana',sans-serif; color: black;\">E-mail:\u00a0<a href=\"mailto:contato@laragricola.com.br\">contato@laragricola.com.br<\/a><\/span><\/h6>\n<h6 class=\"separator\" style=\"margin: 0cm; margin-bottom: .0001pt; orphans: auto; text-align: start; widows: auto; -webkit-text-stroke-width: 0px; word-spacing: 0px;\"><span style=\"font-size: 10.0pt; font-family: 'Verdana',sans-serif; color: black;\">\u00a0<\/span><\/h6>\n<h6 class=\"separator\" style=\"margin: 0cm; margin-bottom: .0001pt; orphans: auto; text-align: start; widows: auto; -webkit-text-stroke-width: 0px; word-spacing: 0px;\"><b><span style=\"font-size: 10.0pt; font-family: 'Verdana',sans-serif; color: black;\">ASSISTA NOSSO V\u00cdDEO INSTITUCIONAL<\/span><\/b><\/h6>\n<figure id=\"attachment_38\" aria-describedby=\"caption-attachment-38\" style=\"width: 300px\" class=\"wp-caption alignnone\"><a href=\"https:\/\/www.youtube.com\/watch?v=zmeE-RHVhm0\"><img loading=\"lazy\" decoding=\"async\" class=\"size-medium wp-image-38\" src=\"http:\/\/laragricola.com.br\/wp-content\/uploads\/2018\/09\/video_inst-300x222.png\" alt=\"\" width=\"300\" height=\"222\" srcset=\"https:\/\/laragricola.com.br\/wp-content\/uploads\/2018\/09\/video_inst-300x222.png 300w, https:\/\/laragricola.com.br\/wp-content\/uploads\/2018\/09\/video_inst.png 314w\" sizes=\"(max-width: 300px) 100vw, 300px\" \/><\/a><figcaption id=\"caption-attachment-38\" class=\"wp-caption-text\">Hist\u00f3ria do Lar Agr\u00edcola.<\/figcaption><\/figure>\n","protected":false},"excerpt":{"rendered":"<p>O Lar Agr\u00edcola A Semente \u00e9 uma organiza\u00e7\u00e3o sem fins lucrativos fundada [&hellip;]<\/p>\n","protected":false},"author":1,"featured_media":0,"parent":37,"menu_order":1,"comment_status":"closed","ping_status":"closed","template":"","meta":{"footnotes":""},"_links":{"self":[{"href":"https:\/\/laragricola.com.br\/index.php\/wp-json\/wp\/v2\/pages\/76"}],"collection":[{"href":"https:\/\/laragricola.com.br\/index.php\/wp-json\/wp\/v2\/pages"}],"about":[{"href":"https:\/\/laragricola.com.br\/index.php\/wp-json\/wp\/v2\/types\/page"}],"author":[{"embeddable":true,"href":"https:\/\/laragricola.com.br\/index.php\/wp-json\/wp\/v2\/users\/1"}],"replies":[{"embeddable":true,"href":"https:\/\/laragricola.com.br\/index.php\/wp-json\/wp\/v2\/comments?post=76"}],"version-history":[{"count":8,"href":"https:\/\/laragricola.com.br\/index.php\/wp-json\/wp\/v2\/pages\/76\/revisions"}],"predecessor-version":[{"id":992,"href":"https:\/\/laragricola.com.br\/index.php\/wp-json\/wp\/v2\/pages\/76\/revisions\/992"}],"up":[{"embeddable":true,"href":"https:\/\/laragricola.com.br\/index.php\/wp-json\/wp\/v2\/pages\/37"}],"wp:attachment":[{"href":"https:\/\/laragricola.com.br\/index.php\/wp-json\/wp\/v2\/media?parent=76"}],"curies":[{"name":"wp","href":"https:\/\/api.w.org\/{rel}","templated":true}]}}