{"id":93,"date":"2018-09-08T23:42:32","date_gmt":"2018-09-09T02:42:32","guid":{"rendered":"http:\/\/laragricola.com.br\/?page_id=93"},"modified":"2025-03-22T14:53:48","modified_gmt":"2025-03-22T17:53:48","slug":"nossa-historia","status":"publish","type":"page","link":"https:\/\/laragricola.com.br\/index.php\/nossa-historia\/","title":{"rendered":"Nossa Miss\u00e3o"},"content":{"rendered":"\n<p>Acolher crian\u00e7as e adolescentes de 0 a 18 anos incompletos, que estejam em situa\u00e7\u00e3o de abandono, orfandade ou risco social, oferecendo um ambiente seguro e acolhedor. Buscamos promover seu desenvolvimento f\u00edsico, emocional e social, preparando-os para a reintegra\u00e7\u00e3o social e valoriza\u00e7\u00e3o da vida.\u200b<\/p>\n\n\n\n<p><strong>Nossos Valores<\/strong><\/p>\n\n\n\n<ul>\n<li><strong>Humanidade<\/strong>: Tratamento respeitoso e acolhedor a todos.\u200b<\/li>\n\n\n\n<li><strong>Dignidade<\/strong>: Valoriza\u00e7\u00e3o e respeito aos direitos de cada indiv\u00edduo.\u200b<\/li>\n\n\n\n<li><strong>Cidadania<\/strong>: Promo\u00e7\u00e3o da consci\u00eancia cidad\u00e3 e responsabilidade social.\u200b<\/li>\n\n\n\n<li><strong>Valoriza\u00e7\u00e3o da Vida<\/strong>: Incentivo ao respeito e apre\u00e7o pela vida em todas as suas formas.<\/li>\n<\/ul>\n","protected":false},"excerpt":{"rendered":"<p>Acolher crian\u00e7as e adolescentes de 0 a 18 anos incompletos, que estejam [&hellip;]<\/p>\n","protected":false},"author":1,"featured_media":0,"parent":0,"menu_order":0,"comment_status":"closed","ping_status":"closed","template":"","meta":{"footnotes":""},"_links":{"self":[{"href":"https:\/\/laragricola.com.br\/index.php\/wp-json\/wp\/v2\/pages\/93"}],"collection":[{"href":"https:\/\/laragricola.com.br\/index.php\/wp-json\/wp\/v2\/pages"}],"about":[{"href":"https:\/\/laragricola.com.br\/index.php\/wp-json\/wp\/v2\/types\/page"}],"author":[{"embeddable":true,"href":"https:\/\/laragricola.com.br\/index.php\/wp-json\/wp\/v2\/users\/1"}],"replies":[{"embeddable":true,"href":"https:\/\/laragricola.com.br\/index.php\/wp-json\/wp\/v2\/comments?post=93"}],"version-history":[{"count":3,"href":"https:\/\/laragricola.com.br\/index.php\/wp-json\/wp\/v2\/pages\/93\/revisions"}],"predecessor-version":[{"id":994,"href":"https:\/\/laragricola.com.br\/index.php\/wp-json\/wp\/v2\/pages\/93\/revisions\/994"}],"wp:attachment":[{"href":"https:\/\/laragricola.com.br\/index.php\/wp-json\/wp\/v2\/media?parent=93"}],"curies":[{"name":"wp","href":"https:\/\/api.w.org\/{rel}","templated":true}]}}

Nossa Missão

<p>Acolher crianças e adolescentes de 0 a 18 anos incompletos, que estejam em situação de abandono, orfandade ou risco social, oferecendo um ambiente seguro e acolhedor. Buscamos promover seu desenvolvimento físico, emocional e social, preparando-os para a reintegração social e valorização da vida.​</p>



<p><strong>Nossos Valores</strong></p>



<ul>
<li><strong>Humanidade</strong>: Tratamento respeitoso e acolhedor a todos.​</li>



<li><strong>Dignidade</strong>: Valorização e respeito aos direitos de cada indivíduo.​</li>



<li><strong>Cidadania</strong>: Promoção da consciência cidadã e responsabilidade social.​</li>



<li><strong>Valorização da Vida</strong>: Incentivo ao respeito e apreço pela vida em todas as suas formas.</li>
</ul>

<p>Acolher crianças e adolescentes de 0 a 18 anos incompletos, que estejam [&hellip;]</p>
